 11 = 0. Suppose -x - 3*j + 6 = -4*j, 2*x + t*j - 32 = 0. List the prime factors of x.
2, 5
Let t = -50 + 70. Let f be 51/4 + 6/24. Let y = t - f. List the prime factors of y.
7
Let f = -21 + 10. Let k = 23 - 0. Let t = f + k. What are the prime factors of t?
2, 3
Let d = 190 + -86. What are the prime factors of d/18 + 2/9?
2, 3
Let b = 29 - 15. What are the prime factors of b?
2, 7
Let k(f) = -f**3 - 5*f**2 + 2*f**3 + 2*f - 2*f**3 + 3 + 2*f**3. List the prime factors of k(5).
13
Let w(s) = -3*s + 22. Let o be w(13). Suppose 3*m - 90 = -4*n + 2*n, -60 = -2*m - 4*n. Let j = m + o. List the prime factors of j.
13
Let z = 1 + 9. List the prime factors of z.
2, 5
Suppose 0 = -2*m + 16 + 12. List the prime factors of m.
2, 7
Suppose -7*q + 3*q = -540. Suppose -4*g + q = -g. What are the prime factors of g?
3, 5
Suppose 5*m - 68 = m. Let x(h) = -h**2 - 5*h + 6. Let p be x(-6). Suppose w + 3*d + d - 10 = 0, p = -2*w - 5*d + m. List the prime factors of w.
2, 3
Suppose 5*b + 22 = -8. What are the prime factors of (b - -2)/(6/(-21))?
2, 7
Let z(h) = 2*h + 21. Let b be z(-14). What are the prime factors of b*3/(-6)*10?
5, 7
Let i(t) = -t**3 + 6. Let b be i(0). Suppose -3*z - 12 = -b*z. List the prime factors of z.
2
Let b(m) = -m + 19 - 28 - 10*m. What are the prime factors of b(-4)?
5, 7
Let g be -3 - -4 - -3 - 2. List the prime factors of (-1 - 3)*(-7)/g.
2, 7
Suppose -z = 5*f + 44, 3*z - 2 - 2 = 2*f. Let r be (4/(-5))/((-2)/45). Let o = r + f. List the prime factors of o.
2, 5
Suppose 2*d - 22 = 5*m + 21, -62 = -4*d + 2*m. Let s = 0 + -6. Let y = s + d. List the prime factors of y.
2
Suppose -x - x - m = -103, 4*m = -4*x + 212. Suppose 0 = 5*d + 10 - x. What are the prime factors of d?
2
Suppose -7*m + 8 = -6*m. List the prime factors of m.
2
Let c = 270 - 158. What are the prime factors of c?
2, 7
Suppose -7*y + 4*y = -54. List the prime factors of (y/12)/(1/20).
2, 3, 5
Let h(r) = r**2. Let s be h(0). Suppose -z - 3*c + 3 = s, 2*c = -5*z - c + 27. Suppose -x - 40 = -z*x. What are the prime factors of x?
2
List the prime factors of 2/(412/(-208) - -2).
2, 13
Let t(c) = c - 1. Let y be t(6). Suppose 11 = y*w - 4. Suppose -3*f = -w*q + 24, 6*q - f = 3*q + 20. List the prime factors of q.
2, 3
Let v(s) be the second derivative of s**3/6 - 2*s**2 - 3*s. List the prime factors of v(7).
3
Suppose 0 = u + 4*y - 32 + 6, 4*u + 4*y - 104 = 0. Suppose 4*d - 152 = -8. Let a = d - u. List the prime factors of a.
2, 5
Let y be (-471)/(-6) + (-2)/4. Suppose 3*j = 3, 0*q - y = -5*q - 3*j. What are the prime factors of q?
3, 5
Suppose 8*m + 7*m = 1530. What are the prime factors of m?
2, 3, 17
Let p be 5/((-30)/16)*-3. Suppose v + p = 3*v. What are the prime factors of v?
2
Suppose -5*c = -6*k + 3*k + 40, -4*k + 3*c + 46 = 0. What are the prime factors of k?
2, 5
Let i = 4 + 1. Let h(j) = 2*j**2 - 5*j + 3. Let x be h(i). Suppose -3*v - 4*c = -x, -c - 3*c = -2*v + 32. What are the prime factors of v?
2, 3
List the prime factors of ((-2)/(-3))/((-28)/(-2562)).
61
Suppose -3*a + 8*a = -40. Let p = a + 21. What are the prime factors of p?
13
Let l(z) = -z - 5. Let a be l(-5). Suppose -3*p + 9 = -a. List the prime factors of p.
3
Suppose -14*f + 15*f - 145 = 0. What are the prime factors of f?
5, 29
Suppose 2*q + 1 = 3, 0 = 5*l - 4*q - 21. Let u = l + 1. What are the prime factors of u + -4 + (-2)/(-1)?
2
Let y(n) = -n**2 - 14*n. What are the prime factors of y(-11)?
3, 11
Let x = 3 + -5. What are the prime factors of (1 - x) + -2 + 9?
2, 5
Suppose -3*d + 2*d + 34 = 0. What are the prime factors of d?
2, 17
Let d(y) = y**3 + 3*y**2 + 415. What are the prime factors of d(0)?
5, 83
Let z be 1/(3*3/27). Suppose z*b + 0*b - 6 = 0. List the prime factors of 3*(16/3 - b).
2, 5
Let v(y) = -26*y**2 - 7*y + 7*y**2 + 6*y + 10 - y**3. List the prime factors of v(-19).
29
Suppose 2*b = -b + 6. Suppose 5*a = b*a + 9. Suppose 3*f - 5 = 5*g + 11, -a*g + 3 = 0. List the prime factors of f.
7
Suppose 24 = 4*a + 3*d, -a + d = 2 - 1. List the prime factors of (-9)/2*(-2)/a.
3
Let a be (-2)/2 + -1 + 6. Suppose -2 = -3*q - 4*i - 3, a*q - 24 = i. List the prime factors of q.
5
Suppose 0*y + y + 2*a - 15 = 0, -5*a + 30 = y. List the prime factors of y.
5
Let s(n) be the first derivative of -n**2/2 + 15*n - 1. Let q be s(9). Let o(l) = -l**2 + 9*l - 8. List the prime factors of o(q).
2, 5
Let k be (2 + 0 + 2)*-1. Let p = k + 7. Suppose 5*z - v - 10 + 0 = 0, 4*v + 6 = p*z. List the prime factors of z.
2
Let u = 42 - -40. List the prime factors of u.
2, 41
Let s(b) = b**3 - 7*b**2 + 6*b - 4. Let t be s(6). What are the prime factors of (-66)/(-24) - 1/t?
3
Let d be (1/(-2))/(2/24). Let j = -11 + d. What are the prime factors of j/(-3) + (-2)/(-6)?
2, 3
Suppose -5542 = -8*a - 9*a. What are the prime factors of a?
2, 163
Let l(u) = -u**2 - 7*u - 2. Let o = 9 - 14. What are the prime factors of l(o)?
2
Suppose 2*n + 0*n = 3*j - 354, 5*n - 15 = 0. List the prime factors of j.
2, 3, 5
Let b = -5 - -9. Let a be (2 + 1 - 0) + 1. Suppose 5*j - 28 = -4*c, -b*c + j + 20 = a*j. List the prime factors of c.
2
Suppose -v + 53 = 3*j, -v + 37 = j + j. What are the prime factors of j?
2
List the prime factors of 566/3 + 12/(-18).
2, 47
Let i = 15 + -7. Let y = 36 + i. List the prime factors of y.
2, 11
Let i(g) = g**2 - 8*g - 1. Let w be i(7). Let n = -6 - w. What are the prime factors of n?
2
Let j = 2 - -1. Suppose 3*s = -4*d + 16, 0 - 4 = j*s - d. List the prime factors of (s - 12/(-2)) + -2.
2
Let w be 2 + 175 + 6/(-3). Suppose -w = -6*l + 173. List the prime factors of l.
2, 29
What are the prime factors of ((-235)/2)/(7/(-14))?
5, 47
Suppose -9 = -0*a - 3*a - 5*q, q = -a + 3. Suppose 3 = 2*t - 9. What are the prime factors of 10/t*9/a?
5
Suppose 2*r - r + 5*w = 6, -2*r + 17 = 5*w. What are the prime factors of r?
11
Let x be ((-2)/(-4))/((-2)/(-4)). Let q = 4 + x. List the prime factors of q.
5
Let g(u) = u - 1. Let o be g(1). Let k be (o - -1) + 69/3. Suppose 5*v - k = 1. What are the prime factors of v?
5
Let u(v) = -v**2 - 5*v + 11. What are the prime factors of u(-5)?
11
Let i(n) = -n**2 - 7*n - 8. List the prime factors of i(-4).
2
Suppose 0 = -3*n + 20 + 25. List the prime factors of n.
3, 5
Let b(o) = 204*o**3 - o**2 - 2*o + 2. What are the prime factors of b(1)?
7, 29
Suppose -4*l + 20 = -5*i + 6*i, -2*l - 8 = 0. List the prime factors of i.
2, 3
Let k = -3 + 5. Suppose 4*v = 5*l, l = 5*v - k*v. Suppose -2*s + 6 + 6 = l. What are the prime factors of s?
2, 3
Let t(g) = g**3 + 4*g**2 - g - 4. Let x be t(-3). Let j(r) = r**3 - 7*r**2 - 5*r - 6. Let l be j(x). Let z = 31 - l. What are the prime factors of z?
13
Let w be 1/(2/18*3). Let t(l) = -3 + 8 - 1 + 4*l**2 - 3*l + l**2 - l**w. What are the prime factors of t(3)?
13
Let l be 200/14 - (-6)/(-21). Let r = l + 2. Let w = r - 2. What are the prime factors of w?
2, 7
What are the prime factors of (0 - -101)/((-8)/(-16))?
2, 101
Let f(g) = g**2 + 38. List the prime factors of f(0).
2, 19
Let h(f) = -3*f**3 + 11*f**2 - f + 4. Let j(o) = -o**3 + o**2 + 1. Let m(z) = h(z) - 4*j(z). What are the prime factors of m(-7)?
7
Suppose -7*x - 333 = -10*x. What are the prime factors of x?
3, 37
Let a = -1 - -4. Suppose b + 2 = a. What are the prime factors of 2 - (-11 + (3 - b))?
11
Let d(g) = -g**2 - 3*g + 5. Let v be d(-4). What are the prime factors of 10 - (v - (5 + -1))?
13
Let o = -7 + 7. Suppose -3*a + o*w - 3*w = -120, -3*a + 120 = 5*w. List the prime factors of a.
2, 5
Let r(k) = 10 - 10 - 5*k. List the prime factors of r(-1).
5
List the prime factors of -4*-1*69/6.
2, 23
Let k(a) = 2*a - 4 - 1 - 1. Let r be k(4). List the prime factors of r/(-9) - (-770)/63.
2, 3
Let u = 72 - 37. Suppose -2*f + 30 = -2*k, -7*f + 4*f = 2*k - u. Suppose -4*o + 20 = v, -3*o + 3 = v - f. What are the prime factors of o?
2
Let i(o) be the first derivative of 3*o**2/2 - o - 1. Let f be i(1). List the prime factors of (f + -1)/(3/18).
2, 3
Suppose 18 = 2*j + f, 5*j - 17 = -4*f + 28. Suppose 11 + j = 4*y. List the prime factors of y.
5
Suppose -o - 96 = 2*x, 2*o = 5*x - 0*x + 249. Let y = x + 31. What are the prime factors of (-86)/(-18) - 4/y?
5
List the prime factors of 4/14 + (-103)/(-7).
3, 5
Let u(g) = -g**3 + 4*g**2 + g - 2. Let l be u(4). Let f be (-4)/(-8)*(7 - -1).